202 = -5*f, 0*f = 4*f + 3*a + 4174. What are the prime factors of (-14)/21 + f/(-6)?
173
Let k = -3695 - -10021. List the prime factors of k.
2, 3163
Suppose 2*h - 1082 = 5*y, -1462 = -4*h + 4*y + 690. Let w = h - 378. What are the prime factors of w?
2, 79
Let r(c) = 8*c**3 - 8*c**2 + 22*c + 20. Let z be r(-8). What are the prime factors of z/(-8) + 21/(-6) + 4?
2, 149
Let w(a) = 9*a**2 - 8*a + 119. List the prime factors of w(10).
3, 313
Suppose -2*a + 125 = 83. Suppose -a*f + 1901 = 4*m - 26*f, m - 2*f - 476 = 0. List the prime factors of m.
2, 3, 79
Let l(r) = r**2 - 8*r - 21. Let z be l(-5). Suppose v + i = z, 2*v + 2*v - i - 196 = 0. Let n = v - -22. List the prime factors of n.
2, 5, 7
Suppose 349 = -44*u + 85. List the prime factors of (-7936)/u + 49/21.
5, 53
Let o(q) = q - 20. Let f be o(9). Let k = -1 + f. List the prime factors of 1 - -54 - (-12)/k.
2, 3
Let a = -218 - -127. Let z = 110 - a. What are the prime factors of z?
3, 67
Suppose 26 = -5*h - g, 3*h = 8*h - 3*g + 22. Let w be 1 - (-570 - (h + 3)). Suppose w = 5*p - 2*p - t, 2*t = 3*p - 574. List the prime factors of p.
2, 47
Suppose -124*t = -122*t + 8. Let j be -2 + t + (0 - -3) - -3. Suppose 644 = -0*h + 5*h + 2*a, j = 3*h + 2*a - 388. List the prime factors of h.
2
Suppose d - 3*n = -2*n + 326, -3*n - 324 = -d. Let o = -7 + d. List the prime factors of o.
2, 5
Let j = 598 - 604. What are the prime factors of (4926/j + 5)*-1?
2, 3, 17
Let c = 14 + -6. List the prime factors of (3950/c + (-5)/(-4))*1.
3, 5, 11
Let c(x) = -x**3 - 2*x**2 - 5 - 3*x + 0*x**3 + 1. Suppose 3*s + 17 + 3 = -p, 15 = s - 4*p. List the prime factors of c(s).
2, 43
Let s be ((2 + -3)*-7)/1. Suppose 5*g + s*g = 1032. Let p = 162 - g. List the prime factors of p.
2, 19
Suppose 0 = y + 9 - 2. Let c(l) = l**2 + 1. What are the prime factors of c(y)?
2, 5
Let v be -13 + (1 - -5) + -29. Let u(l) = -41*l + 4. List the prime factors of u(v).
2, 5, 37
What are the prime factors of 3984/(-10)*160/16*10/(-15)?
2, 83
Suppose -4*b + 4*t = -b - 233, b + 3*t - 82 = 0. Suppose i - h = b, -6*i + i + h + 395 = 0. Let w = i - -8. What are the prime factors of w?
3, 29
Suppose -22*j - 5*j + 16*j + 117348 = 0. What are the prime factors of j?
2, 3, 7, 127
Suppose -5*h + 5117 = q, 39*q - 37*q + 2*h = 10226. List the prime factors of q.
2, 3, 71
Let y(s) be the third derivative of -19*s**4/24 + 11*s**3/6 + 28*s**2 + 1. What are the prime factors of y(-12)?
239
Suppose 4*l + 3362 = 3*c - 53780, -c - 5*l + 19022 = 0. List the prime factors of c.
2, 9521
Suppose -19*d - 13*d + 550613 = 17*d. List the prime factors of d.
17, 661
Let u = -22 + 25. Let t be ((-50)/(-15))/5*u. Let h(d) = 38*d**2 - 3*d. What are the prime factors of h(t)?
2, 73
Let l = -336 + 529. Suppose 6*b - 623 = l. Let k = b + 48. List the prime factors of k.
2, 23
Let f = 91 - 168. List the prime factors of (-42)/f - (-1682)/22.
7, 11
Let g(k) = -k**3 - 10*k**2 - 13*k - 23. Let o be g(-9). Suppose -3829 = -o*l - 1086. List the prime factors of l.
211
Let g(m) = 21*m + 3. Let d be g(0). Suppose -490 = -t + 5*n, t + 244 - 750 = -d*n. What are the prime factors of t?
2, 5
Let c = 50897 + -31769. List the prime factors of c.
2, 3, 797
Let h = -15312 + 35444. What are the prime factors of h?
2, 7, 719
List the prime factors of (1 + -58)*(-150 + -43).
3, 19, 193
Let b(q) be the second derivative of q + 11/12*q**4 - q**2 + 0 + 4/3*q**3. List the prime factors of b(-4).
2, 71
Suppose 23*m - 6966 = 8*m + 19209. What are the prime factors of m?
5, 349
Suppose -8063*l = -8061*l - 9896. What are the prime factors of l?
2, 1237
Let r(s) be the third derivative of 67*s**6/60 + s**5/60 - s**3/6 - 9*s**2 - 1. List the prime factors of r(2).
5, 43
Suppose 996996 = -1604*h + 1656*h. What are the prime factors of h?
3, 7, 11, 83
Suppose 5*z - 44*z + 121173 = 0. Suppose 5*s - 4*o = z, -2*s - 5*o = -5*s + 1872. What are the prime factors of s?
619
List the prime factors of 20/110 + 648393/253.
11, 233
Suppose 1071 = -170*d + 191*d. Suppose 37949 + 62929 = d*n. What are the prime factors of n?
2, 23, 43
What are the prime factors of ((-93429)/15)/(-1) + 11 + 954/(-90)?
6229
Suppose -15 = -q - 2*q + 3*w, -4*q + 23 = -5*w. Let n be (8/(-10))/(((-4)/5)/q). Suppose -14 = b - n*b. What are the prime factors of b?
2, 7
Let w = 150 - 146. Suppose -2473 - 1872 = -5*p - 4*j, 5*p - w*j = 4385. What are the prime factors of p?
3, 97
What are the prime factors of (-3)/60 + 16440999/1180?
13933
Let f be 4/(10/(-5)) + (-2 - -563). Let u = -390 + f. Suppose c = -0*c + u. List the prime factors of c.
13
Let i(o) = 2*o**3 + 84*o**2 + 37*o + 54. What are the prime factors of i(-41)?
3, 211
Let y = 448 + -662. Let u = y - -394. Let a = u + -98. What are the prime factors of a?
2, 41
Suppose 4*v - 2*v - 10 = 0. Suppose -v*o = -0*o. What are the prime factors of (3 + o)*(-94)/(-6)?
47
Suppose f - 6910 = 1030. List the prime factors of f.
2, 5, 397
Suppose -3*q + 1 - 31 = 0. Let u(b) = b**3 + 15*b**2 + 4*b - 24. List the prime factors of u(q).
2, 109
Let d(l) be the first derivative of l**4/4 + 3*l**3 - 9*l**2/2 - 7*l - 65. What are the prime factors of d(5)?
2, 149
Let w(s) = -s**2 + s + 1. Let v(i) = 6*i**2 - 15*i + 1. Let d(h) = -v(h) - 5*w(h). Let o be d(9). Suppose p = -p - b + 75, -o = b. List the prime factors of p.
3, 13
Let r = -479 + 235. Let c = 374 + r. What are the prime factors of c?
2, 5, 13
Let v be 2/8*-2 + (-27)/(-6). Suppose 0 = -w + v*w + 81. What are the prime factors of (-4)/((-48)/w)*(-64)/12?
2, 3
Suppose -9*c + 8*c = 2*n - 2127, -5*c + 10650 = -5*n. Suppose 5*s + 2*v - c = 0, 3*s + 4*v - 330 = 953. What are the prime factors of s?
5, 17
Suppose -4*o - 8 = 4*z - 24, -7 = -3*z + 2*o. Let d = 2365 - 2190. Suppose 44 = z*n - d. What are the prime factors of n?
73
Let j be ((-30)/7)/(12/(-84)). Suppose 5*w - j = -10. Suppose 0 = -3*b - w*a + 151, 0 = -2*b - 2*a + 95 + 9. What are the prime factors of b?
3, 19
Suppose d - 10 - 4 = 0. Let v be 2 + (-3 - (-5 + 0)) + d. List the prime factors of (-2)/(-45)*5 + 1346/v.
3, 5
Let g = 27 + -24. Suppose 9 = g*z + 3. Suppose 3*f + 2*l - 149 = -z*l, -l = -3*f + 124. What are the prime factors of f?
43
Let m(a) = 10*a - 74. Let s(b) = 20*b - 146. Let f(t) = 5*m(t) - 3*s(t). List the prime factors of f(-5).
2, 59
Let d be ((-64254)/10)/(-3) - 8/(-40). Suppose -d - 2218 = -10*z. List the prime factors of z.
2, 109
Suppose 3*f - 4*n = 26, 4*f - 4*n - 17 - 11 = 0. Let q(h) = 12*h + 3 - 15*h + 4*h**3 + 0. List the prime factors of q(f).
29
Let m(t) = 34*t**3 - 6*t**2 + t + 8. Let f(j) = 34*j**3 - 7*j**2 + j + 9. Let g(a) = 6*f(a) - 7*m(a). What are the prime factors of g(-1)?
3, 11
Let a = -3588 - -6567. List the prime factors of a.
3, 331
Let p be ((-305022)/116)/((-6)/4). Suppose -2*y + p = -5*i, i - 4426 = -5*y - i. List the prime factors of y.
2, 13, 17
List the prime factors of 1 - 16/10 - ((-40826604)/(-140))/(-21).
2, 53, 131
Let c(r) = -6*r - 61. Let o be c(-14). Let a(q) = 78 - 191 - o*q + 85. List the prime factors of a(-7).
7, 19
Let l(h) = 2*h + 54. Let b(d) = 5*d + 8. Let z be b(-1). Suppose 5*v - 63 = -3*c, -c = -z*c - v + 35. What are the prime factors of l(c)?
2, 43
Let w(q) = -q + 20. Let j be w(16). Suppose 95 = j*m - 11*x + 6*x, -m = -x - 25. Suppose 0 = -5*s - m + 460. What are the prime factors of s?
2, 43
Suppose 18 = 5*q + 2*j, 28 = 5*q - 5*j + 3. Suppose o = -q*p + 294, 0 = 3*p + 10 - 25. What are the prime factors of o?
2, 137
What are the prime factors of 1*22*4092/24?
11, 31
Let g = -46 + 28. Let a be 4/g + (-129)/27. What are the prime factors of 264/4 + (-2 - a)?
3, 23
Suppose 0 = u + w - 76036, u + 4*w - 83065 + 7053 = 0. What are the prime factors of u?
2, 3, 6337
Suppose -4*z - 2 = 3*r + 5, z + 23 = -5*r. Suppose -81*i + 92*i = 0. Suppose -5*q - 720 = -o - 4*o, i = z*o - q - 285. What are the prime factors of o?
3, 47
Suppose 299896 = 5*j - 2*d, -17*j = -15*j - d - 119959. What are the prime factors of j?
2, 29989
Let c be 2 + 1 + 0 + (-3 - -4). List the prime factors of 2748/11 + c/22.
2, 5
Let c = -192 - -198. Let k(m) = 2*m**3 + 3*m - 8. What are the prime factors of k(c)?
2, 13, 17
Let y = 542 + -156. Let m = -9852 - -9580. Let o = m + y. List the prime factors of o.
2, 3, 19
Let v(l) = 2*l**2 - 47*l + 78. Lis